{"id":1968,"date":"2024-01-09T05:44:11","date_gmt":"2024-01-09T05:44:11","guid":{"rendered":"https:\/\/unatecnologaencasa.com\/?page_id=1968"},"modified":"2026-03-20T16:29:56","modified_gmt":"2026-03-20T16:29:56","slug":"home","status":"publish","type":"page","link":"https:\/\/unatecnologaencasa.com\/","title":{"rendered":"Home"},"content":{"rendered":"\n<div class=\"wp-block-uagb-container uagb-block-b6292f26 alignfull uagb-is-root-container\"><div class=\"uagb-container-inner-blocks-wrap\">\n<div class=\"wp-block-uagb-container uagb-block-e69e27e9\">\n<div class=\"wp-block-uagb-advanced-heading uagb-block-c9b77917\"><h6 class=\"uagb-heading-text\">S\u00e9 tu propia ministra de cultura digital<\/h6><\/div>\n\n\n\n<div class=\"wp-block-uagb-info-box uagb-block-f2f5b4e6 uagb-infobox__content-wrap  uagb-infobox-icon-below-title uagb-infobox-image-valign-top\"><div class=\"uagb-ifb-content\"><div class=\"uagb-ifb-title-wrap\"><h1 class=\"uagb-ifb-title\">La <strong><u>tecnolog\u00eda<\/u><\/strong> para <strong><u>personas<\/u><\/strong> <br>que se ocupan de su <strong><u>vida<\/u><\/strong><\/h1><\/div><div class=\"uagb-ifb-icon-wrap\"><svg xmlns=\"https:\/\/www.w3.org\/2000\/svg\" viewBox=\"0 0 512 512\"><path d=\"M256 0C114.6 0 0 114.6 0 256c0 141.4 114.6 256 256 256s256-114.6 256-256C512 114.6 397.4 0 256 0zM382.6 302.6l-103.1 103.1C270.7 414.6 260.9 416 256 416c-4.881 0-14.65-1.391-22.65-9.398L129.4 302.6c-12.5-12.5-12.5-32.75 0-45.25s32.75-12.5 45.25 0L224 306.8V128c0-17.69 14.33-32 32-32s32 14.31 32 32v178.8l49.38-49.38c12.5-12.5 32.75-12.5 45.25 0S395.1 290.1 382.6 302.6z\"><\/path><\/svg><\/div><\/div><\/div>\n<\/div>\n<\/div><\/div>\n\n\n\n<div class=\"wp-block-uagb-container uagb-block-79703010 alignfull uagb-is-root-container\"><div class=\"uagb-container-inner-blocks-wrap\">\n<div class=\"wp-block-uagb-container uagb-block-6f168862 default uagb-is-root-container\">\n<div class=\"wp-block-uagb-container uagb-block-12834130\">\n<div class=\"wp-block-uagb-advanced-heading uagb-block-70a6f0f9\"><h6 class=\"uagb-heading-text\">EMPIEZA POR TI<\/h6><\/div>\n\n\n\n<div class=\"wp-block-uagb-advanced-heading uagb-block-b554a057\"><h4 class=\"uagb-heading-text\"><a href=\"https:\/\/unatecnologaencasa.com\/index.php\/contacto\/\">CULTURA DIGITAL<\/a><\/h4><p class=\"uagb-desc-text\">Snacks formativos para mejorar tus habilidades digitales.<\/p><\/div>\n<\/div>\n\n\n\n<div class=\"wp-block-uagb-container uagb-block-8b45bf50\">\n<div class=\"wp-block-uagb-advanced-heading uagb-block-f8fa5af7\"><h6 class=\"uagb-heading-text\">ENS\u00c9\u00d1ALES<\/h6><\/div>\n\n\n\n<div class=\"wp-block-uagb-advanced-heading uagb-block-9353ab67\"><h4 class=\"uagb-heading-text\"><a href=\"https:\/\/unatecnologaencasa.com\/index.php\/contacto\/\">CRIANZA DIGITAL<\/a><\/h4><p class=\"uagb-desc-text\">Reflexiones y recursos para una crianza digital sana y respetuosa.<\/p><\/div>\n<\/div>\n\n\n\n<div class=\"wp-block-uagb-container uagb-block-1c836a9f\">\n<div class=\"wp-block-uagb-advanced-heading uagb-block-ca167711\"><h6 class=\"uagb-heading-text\">PREP\u00c1RATE<\/h6><\/div>\n\n\n\n<div class=\"wp-block-uagb-advanced-heading uagb-block-65d06f30\"><h4 class=\"uagb-heading-text\"><a href=\"https:\/\/unatecnologaencasa.com\/index.php\/contacto\/\">INTELIGENCIA ARTIFICIAL<\/a><\/h4><p class=\"uagb-desc-text\">Para tu futuro y el de tu familia. Talleres personalizados.<\/p><\/div>\n<\/div>\n<\/div>\n\n\n\n<div class=\"wp-block-uagb-buttons uagb-buttons__outer-wrap uagb-btn__default-btn uagb-btn-tablet__default-btn uagb-btn-mobile__default-btn uagb-block-ef0b0272\"><div class=\"uagb-buttons__wrap uagb-buttons-layout-wrap \">\n<div class=\"wp-block-uagb-buttons-child uagb-buttons__outer-wrap uagb-block-1f12e955 wp-block-button\"><div class=\"uagb-button__wrapper\"><a class=\"uagb-buttons-repeater wp-block-button__link\" aria-label=\"\" href=\"https:\/\/unatecnologaencasa.com\/index.php\/contacto\/\" rel=\"follow noopener\" target=\"_self\" role=\"button\"><div class=\"uagb-button__link\">INF\u00d3RMATE<\/div><span class=\"uagb-button__icon uagb-button__icon-position-after\"><svg xmlns=\"https:\/\/www.w3.org\/2000\/svg\" viewBox=\"0 0 640 512\" aria-hidden=\"true\" focussable=\"false\"><path d=\"M160 48C160 21.49 181.5 0 208 0C234.5 0 256 21.49 256 48C256 74.51 234.5 96 208 96C181.5 96 160 74.51 160 48V48zM112.7 205.4C97.41 212.2 85.42 224.6 79.22 240.1L77.71 243.9C71.15 260.3 52.53 268.3 36.12 261.7C19.71 255.1 11.73 236.5 18.29 220.1L19.8 216.3C32.19 185.4 56.18 160.5 86.66 146.9L97.66 142C118.5 132.8 140.1 128 163.7 128C208.3 128 248.5 154.8 265.6 195.9L280.1 232.7L302.3 243.4C318.1 251.3 324.5 270.5 316.6 286.3C308.7 302.1 289.5 308.5 273.7 300.6L247 287.3C236.7 282.1 228.6 273.4 224.2 262.8L214.6 239.8L195.3 305.3L244.8 359.4C250.2 365.3 254.1 372.4 256 380.2L279 472.2C283.3 489.4 272.9 506.8 255.8 511C238.6 515.3 221.2 504.9 216.1 487.8L194.9 399.6L124.3 322.5C109.5 306.4 103.1 283.9 109.6 262.8L126.5 199.3C125.6 199.7 124.6 200.1 123.7 200.5L112.7 205.4zM100.7 344.2L141.4 388.6L126.9 424.8C124.5 430.9 120.9 436.4 116.3 440.9L54.63 502.6C42.13 515.1 21.87 515.1 9.372 502.6C-3.124 490.1-3.124 469.9 9.372 457.4L68.73 398L93.69 335.6C95.84 338.6 98.17 341.4 100.7 344.2H100.7zM630.6 233.4C643.1 245.9 643.1 266.1 630.6 278.6L550.6 358.6C538.1 371.1 517.9 371.1 505.4 358.6C492.9 346.1 492.9 325.9 505.4 313.4L530.7 288H384C366.3 288 352 273.7 352 256C352 238.3 366.3 224 384 224H530.7L505.4 198.6C492.9 186.1 492.9 165.9 505.4 153.4C517.9 140.9 538.1 140.9 550.6 153.4L630.6 233.4z\"><\/path><\/svg><\/span><\/a><\/div><\/div>\n<\/div><\/div>\n<\/div><\/div>\n\n\n\n<div class=\"wp-block-uagb-container uagb-block-30996a51 alignfull uagb-is-root-container\"><div class=\"uagb-container-inner-blocks-wrap\">\n<div class=\"wp-block-uagb-container uagb-block-685ff505 default uagb-is-root-container\">\n<div style=\"height:0px\" aria-hidden=\"true\" class=\"wp-block-spacer\"><\/div>\n<\/div>\n\n\n\n<div class=\"wp-block-uagb-container uagb-block-51b8b23e default uagb-is-root-container\">\n<div class=\"wp-block-uagb-container uagb-block-a72fdf8b\">\n<div class=\"wp-block-uagb-info-box uagb-block-2bc618c3 uagb-infobox__content-wrap  uagb-infobox-icon-above-title uagb-infobox-image-valign-top\"><div class=\"uagb-ifb-content\"><div class=\"uagb-ifb-icon-wrap\"><div class=\"uagb-iconbox-icon-wrap uagb-infobox-shape-circle\"><svg xmlns=\"https:\/\/www.w3.org\/2000\/svg\" viewBox=\"0 0 640 512\"><path d=\"M623.1 136.9l-282.7-101.2c-13.73-4.91-28.7-4.91-42.43 0L16.05 136.9C6.438 140.4 0 149.6 0 160s6.438 19.65 16.05 23.09L76.07 204.6c-11.89 15.8-20.26 34.16-24.55 53.95C40.05 263.4 32 274.8 32 288c0 9.953 4.814 18.49 11.94 24.36l-24.83 149C17.48 471.1 25 480 34.89 480H93.11c9.887 0 17.41-8.879 15.78-18.63l-24.83-149C91.19 306.5 96 297.1 96 288c0-10.29-5.174-19.03-12.72-24.89c4.252-17.76 12.88-33.82 24.94-47.03l190.6 68.23c13.73 4.91 28.7 4.91 42.43 0l282.7-101.2C633.6 179.6 640 170.4 640 160S633.6 140.4 623.1 136.9zM351.1 314.4C341.7 318.1 330.9 320 320 320c-10.92 0-21.69-1.867-32-5.555L142.8 262.5L128 405.3C128 446.6 213.1 480 320 480c105.1 0 192-33.4 192-74.67l-14.78-142.9L351.1 314.4z\"><\/path><\/svg><\/div><\/div><div class=\"uagb-ifb-title-wrap\"><h4 class=\"uagb-ifb-title\">Ingeniera inform\u00e1tica<\/h4><\/div><\/div><\/div>\n<\/div>\n\n\n\n<div class=\"wp-block-uagb-container uagb-block-89a1c28e\">\n<div class=\"wp-block-uagb-info-box uagb-block-d412c42a uagb-infobox__content-wrap  uagb-infobox-icon-above-title uagb-infobox-image-valign-top\"><div class=\"uagb-ifb-content\"><div class=\"uagb-ifb-icon-wrap\"><div class=\"uagb-iconbox-icon-wrap uagb-infobox-shape-circle\"><svg xmlns=\"https:\/\/www.w3.org\/2000\/svg\" viewBox=\"0 0 448 512\"><path d=\"M144 80C144 35.82 179.8 0 224 0C268.2 0 304 35.82 304 80C304 124.2 268.2 160 224 160C179.8 160 144 124.2 144 80zM436.8 382.8L373.5 461.1C356.9 482.7 326.7 486 306 469.5C288.4 455.4 283.3 431.3 292.5 411.7L291.7 411.6C252.8 406.1 217.4 386.5 192 356.8V320C192 302.3 177.7 288 160 288C142.3 288 128 302.3 128 320V368C128 368.8 128 369.6 128.1 370.4L229.5 421.1C253.2 432.9 262.8 461.8 250.9 485.5C239.1 509.2 210.2 518.8 186.5 506.9L27.21 427.3C26.11 426.7 25.02 426.2 23.95 425.5C19.04 422.7 14.79 419.1 11.3 414.1C6.732 409.5 3.492 403.3 1.683 396.6C-1.576 384.6-.1811 371.4 6.459 359.9C7.098 358.8 7.776 357.8 8.489 356.7L75.56 256.1C102.3 216.1 147.2 192 195.4 192H270.6C317.1 192 360.7 214.5 387.8 252.3L438.5 323.2C440.7 326.2 442.5 329.4 443.9 332.7C446.9 339.3 448.2 346.4 447.1 353.5C447.7 364.1 443.8 374.5 436.8 382.8V382.8zM276 288C251.7 288 232 307.7 232 332C232 356.3 251.7 376 276 376C300.3 376 320 356.3 320 332C320 307.7 300.3 288 276 288z\"><\/path><\/svg><\/div><\/div><div class=\"uagb-ifb-title-wrap\"><h4 class=\"uagb-ifb-title\">Madre de dos<\/h4><\/div><\/div><\/div>\n<\/div>\n\n\n\n<div class=\"wp-block-uagb-container uagb-block-86d19cd6\">\n<div class=\"wp-block-uagb-info-box uagb-block-8bcb1b48 uagb-infobox__content-wrap  uagb-infobox-icon-above-title uagb-infobox-image-valign-top\"><div class=\"uagb-ifb-content\"><div class=\"uagb-ifb-icon-wrap\"><div class=\"uagb-iconbox-icon-wrap uagb-infobox-shape-circle\"><svg xmlns=\"https:\/\/www.w3.org\/2000\/svg\" viewBox=\"0 0 512 512\"><path d=\"M0 219.2v212.5c0 14.25 11.62 26.25 26.5 27C75.32 461.2 180.2 471.3 240 511.9V245.2C181.4 205.5 79.99 194.8 29.84 192C13.59 191.1 0 203.6 0 219.2zM482.2 192c-50.09 2.848-151.3 13.47-209.1 53.09C272.1 245.2 272 245.3 272 245.5v266.5c60.04-40.39 164.7-50.76 213.5-53.28C500.4 457.9 512 445.9 512 431.7V219.2C512 203.6 498.4 191.1 482.2 192zM352 96c0-53-43-96-96-96S160 43 160 96s43 96 96 96S352 149 352 96z\"><\/path><\/svg><\/div><\/div><div class=\"uagb-ifb-title-wrap\"><h4 class=\"uagb-ifb-title\">Eterna aprendiz<\/h4><\/div><\/div><\/div>\n<\/div>\n<\/div>\n<\/div><\/div>\n\n\n\n<div style=\"height:100px\" aria-hidden=\"true\" class=\"wp-block-spacer\"><\/div>\n\n\n\n<div class=\"wp-block-uagb-container uagb-block-c3fed4a9 alignfull uagb-is-root-container\"><div class=\"uagb-container-inner-blocks-wrap\"><\/div><\/div>\n\n\n\n<div class=\"wp-block-uagb-container uagb-block-d40dcc5b alignfull uagb-is-root-container\"><div class=\"uagb-container-inner-blocks-wrap\">\n<div class=\"wp-block-uagb-advanced-heading uagb-block-37737e85\"><h5 class=\"uagb-heading-text\">Elige tu nueva realidad tecnol\u00f3gica<\/h5><\/div>\n\n\n\n<div class=\"wp-block-uagb-info-box uagb-block-6e28a2f3 uagb-infobox__content-wrap  uagb-infobox-icon-above-title uagb-infobox-image-valign-top\"><div class=\"uagb-ifb-content\"><div class=\"uagb-ifb-title-wrap\"><h1 class=\"uagb-ifb-title\"><strong><u>Dirige<\/u><\/strong> tu vida y s\u00e9 tu propia ministra de \u00a1<strong><u>cultura digital<\/u><\/strong><u><strong>!<\/strong><\/u><\/h1><\/div><div class=\"uagb-ifb-button-wrapper wp-block-button\"><a href=\"https:\/\/unatecnologaencasa.com\/index.php\/contacto\/\" class=\"uagb-infobox-cta-link wp-block-button__link\" target=\"_self\" rel=\"noopener noreferrer\" onclick=\"return true;\"><span class=\"uagb-inline-editing\">M\u00c1S INFORMACI\u00d3N<\/span><\/a><\/div><\/div><\/div>\n<\/div><\/div>\n","protected":false},"excerpt":{"rendered":"<p>S\u00e9 tu propia ministra de cultura digital EMPIEZA POR TI CULTURA DIGITAL Snacks formativos para mejorar tus habilidades digitales. ENS\u00c9\u00d1ALES CRIANZA DIGITAL Reflexiones y recursos para una crianza digital sana y respetuosa. PREP\u00c1RATE INTELIGENCIA ARTIFICIAL Para tu futuro y el de tu familia. Talleres personalizados. Elige tu nueva realidad tecnol\u00f3gica<\/p>\n","protected":false},"author":1,"featured_media":0,"parent":0,"menu_order":0,"comment_status":"closed","ping_status":"closed","template":"","meta":{"_uag_custom_page_level_css":"","site-sidebar-layout":"no-sidebar","site-content-layout":"page-builder","ast-site-content-layout":"full-width-container","site-content-style":"unboxed","site-sidebar-style":"unboxed","ast-global-header-display":"","ast-banner-title-visibility":"","ast-main-header-display":"","ast-hfb-above-header-display":"","ast-hfb-below-header-display":"","ast-hfb-mobile-header-display":"","site-post-title":"disabled","ast-breadcrumbs-content":"","ast-featured-img":"disabled","footer-sml-layout":"","ast-disable-related-posts":"","theme-transparent-header-meta":"enabled","adv-header-id-meta":"","stick-header-meta":"","header-above-stick-meta":"","header-main-stick-meta":"","header-below-stick-meta":"","astra-migrate-meta-layouts":"set","ast-page-background-enabled":"default","ast-page-background-meta":{"desktop":{"background-color":"","background-image":"","background-repeat":"repeat","background-position":"center center","background-size":"auto","background-attachment":"scroll","background-type":"","background-media":"","overlay-type":"","overlay-color":"","overlay-opacity":"","overlay-gradient":""},"tablet":{"background-color":"","background-image":"","background-repeat":"repeat","background-position":"center center","background-size":"auto","background-attachment":"scroll","background-type":"","background-media":"","overlay-type":"","overlay-color":"","overlay-opacity":"","overlay-gradient":""},"mobile":{"background-color":"","background-image":"","background-repeat":"repeat","background-position":"center center","background-size":"auto","background-attachment":"scroll","background-type":"","background-media":"","overlay-type":"","overlay-color":"","overlay-opacity":"","overlay-gradient":""}},"ast-content-background-meta":{"desktop":{"background-color":"var(--ast-global-color-5)","background-image":"","background-repeat":"repeat","background-position":"center center","background-size":"auto","background-attachment":"scroll","background-type":"","background-media":"","overlay-type":"","overlay-color":"","overlay-opacity":"","overlay-gradient":""},"tablet":{"background-color":"var(--ast-global-color-5)","background-image":"","background-repeat":"repeat","background-position":"center center","background-size":"auto","background-attachment":"scroll","background-type":"","background-media":"","overlay-type":"","overlay-color":"","overlay-opacity":"","overlay-gradient":""},"mobile":{"background-color":"var(--ast-global-color-5)","background-image":"","background-repeat":"repeat","background-position":"center center","background-size":"auto","background-attachment":"scroll","background-type":"","background-media":"","overlay-type":"","overlay-color":"","overlay-opacity":"","overlay-gradient":""}},"footnotes":""},"class_list":["post-1968","page","type-page","status-publish","hentry"],"uagb_featured_image_src":{"full":false,"thumbnail":false,"medium":false,"medium_large":false,"large":false,"1536x1536":false,"2048x2048":false},"uagb_author_info":{"display_name":"admin","author_link":"https:\/\/unatecnologaencasa.com\/index.php\/author\/admin\/"},"uagb_comment_info":0,"uagb_excerpt":"S\u00e9 tu propia ministra de cultura digital EMPIEZA POR TI CULTURA DIGITAL Snacks formativos para mejorar tus habilidades digitales. ENS\u00c9\u00d1ALES CRIANZA DIGITAL Reflexiones y recursos para una crianza digital sana y respetuosa. PREP\u00c1RATE INTELIGENCIA ARTIFICIAL Para tu futuro y el de tu familia. Talleres personalizados. Elige tu nueva realidad tecnol\u00f3gica","_links":{"self":[{"href":"https:\/\/unatecnologaencasa.com\/index.php\/wp-json\/wp\/v2\/pages\/1968","targetHints":{"allow":["GET"]}}],"collection":[{"href":"https:\/\/unatecnologaencasa.com\/index.php\/wp-json\/wp\/v2\/pages"}],"about":[{"href":"https:\/\/unatecnologaencasa.com\/index.php\/wp-json\/wp\/v2\/types\/page"}],"author":[{"embeddable":true,"href":"https:\/\/unatecnologaencasa.com\/index.php\/wp-json\/wp\/v2\/users\/1"}],"replies":[{"embeddable":true,"href":"https:\/\/unatecnologaencasa.com\/index.php\/wp-json\/wp\/v2\/comments?post=1968"}],"version-history":[{"count":47,"href":"https:\/\/unatecnologaencasa.com\/index.php\/wp-json\/wp\/v2\/pages\/1968\/revisions"}],"predecessor-version":[{"id":2519,"href":"https:\/\/unatecnologaencasa.com\/index.php\/wp-json\/wp\/v2\/pages\/1968\/revisions\/2519"}],"wp:attachment":[{"href":"https:\/\/unatecnologaencasa.com\/index.php\/wp-json\/wp\/v2\/media?parent=1968"}],"curies":[{"name":"wp","href":"https:\/\/api.w.org\/{rel}","templated":true}]}}