{"id":3,"date":"2023-01-25T12:32:10","date_gmt":"2023-01-25T12:32:10","guid":{"rendered":"https:\/\/unatecnologaencasa.com\/?page_id=3"},"modified":"2025-08-28T17:39:48","modified_gmt":"2025-08-28T17:39:48","slug":"aviso-legal","status":"publish","type":"page","link":"https:\/\/unatecnologaencasa.com\/index.php\/aviso-legal\/","title":{"rendered":"Aviso legal"},"content":{"rendered":"\n<p>El siguiente texto regula la utilizaci\u00f3n del sitio web&nbsp;<strong>unatecnologaencasa.com<\/strong>, por parte de los usuarios de Internet. Lea atentamente el Aviso Legal cada vez que visite este sitio web ya que podr\u00e1 ser modificado en cualquier momento. En caso de no estar de acuerdo con lo estipulado no utilice el sitio web.<\/p>\n\n\n\n<h4 class=\"wp-block-heading\">TITULARIDAD<\/h4>\n\n\n\n<p>En cumplimiento de lo previsto en la Ley 34\/2002, de 11 de julio, de Servicios de la Sociedad de la Informaci\u00f3n y de Comercio Electr\u00f3nico, se informa que el titular del sitio web es UTEC (en adelante, la titular), con ejercicio de su profesi\u00f3n en Calle Santa Ana, 8, 12550, Almassora, CIF 19010604T.<\/p>\n\n\n\n<h4 class=\"wp-block-heading\">OBJETO<\/h4>\n\n\n\n<p>A trav\u00e9s de este sitio web se facilita a los usuarios el acceso a diversos contenidos e informaci\u00f3n puesto a disposici\u00f3n por <strong>unatecnologaencasa.com<\/strong>. La titular se reserva el derecho de modificar en cualquier momento la presentaci\u00f3n, configuraci\u00f3n y localizaci\u00f3n del sitio web, as\u00ed como los contenidos, productos y servicios en \u00e9l contenidos. El acceso, navegaci\u00f3n y uso del sitio web de <strong>unatecnologaencasa.com<\/strong>, conlleva y supone la aceptaci\u00f3n por el usuario de las presentes Condiciones Generales. En este sentido, se entender\u00e1 por usuario a la persona que acceda, navegue, utilice o participe en los servicios y actividades, gratuitas u onerosas, desarrolladas en el sitio web. El presente Aviso Legal tiene por objeto regular el acceso, navegaci\u00f3n y uso del sitio web, sin perjuicio de que la titular pueda establecer condiciones particulares que regulen la utilizaci\u00f3n de servicios y\/o contrataci\u00f3n de productos espec\u00edficos ofrecidos a los usuarios a trav\u00e9s del sitio web.<\/p>\n\n\n\n<h4 class=\"wp-block-heading\">CONDICIONES DE ACCESO<\/h4>\n\n\n\n<p>El acceso al sitio web es libre y gratuito, siendo necesaria para la utilizaci\u00f3n de ciertos servicios la previa autentificaci\u00f3n por medio de la introducci\u00f3n del nombre de usuario y contrase\u00f1a. Cuando para el acceso a determinados contenidos o para la utilizaci\u00f3n de alg\u00fan servicio sea necesario facilitar datos de car\u00e1cter personal, los usuarios garantizar\u00e1n su veracidad, exactitud, autenticidad y vigencia. La titular dar\u00e1 a dichos datos el tratamiento automatizado que corresponda en funci\u00f3n de su naturaleza o finalidad, en las condiciones y t\u00e9rminos indicados m\u00e1s abajo en la secci\u00f3n de&nbsp;<strong>Pol\u00edtica de Privacidad<\/strong>.<\/p>\n\n\n\n<h4 class=\"wp-block-heading\">PROPIEDAD INTELECTUAL \/ COPYRIGHT<\/h4>\n\n\n\n<p>Cristina Polo Conde ostenta la titularidad del presente sitio web. Todos los derechos de propiedad industrial e intelectual sobre este portal de Internet son titularidad exclusiva de la empresa propietaria de la web o de terceros (a no ser que se indique lo contrario), por lo que el acceso al mismo o su utilizaci\u00f3n, por parte del usuario, no debe considerarse, en forma alguna, como el otorgamiento de ninguna licencia de uso o derecho sobre cualquier activo.<\/p>\n\n\n\n<p>Los usuarios del sitio web \u00fanicamente podr\u00e1n realizar un uso privado, personal o profesional de los contenidos de \u00e9ste. Est\u00e1 absolutamente prohibido, el uso del sitio web o de alguno de sus elementos con fines comerciales o il\u00edcitos.<\/p>\n\n\n\n<p>No se podr\u00e1n realizar actos de reproducci\u00f3n, modificaci\u00f3n, distribuci\u00f3n o comunicaci\u00f3n p\u00fablica del sitio web o de sus contenidos sin el previo consentimiento por escrito de la titular, salvo autorizaci\u00f3n legal.<\/p>\n\n\n\n<p>La titular no asumir\u00e1 ninguna responsabilidad derivada del uso por terceros del contenido del sitio web y podr\u00e1 ejercitar todas las acciones civiles o penales que le correspondan en caso de infracci\u00f3n de estos derechos por parte del usuario.<\/p>\n\n\n\n<p>Es necesario autorizar la instalaci\u00f3n de las cookies enviadas por el servidor del sitio web.<\/p>\n\n\n\n<h4 class=\"wp-block-heading\">CL\u00c1USULA DE EXENCI\u00d3N DE RESPONSABILIDAD<\/h4>\n\n\n\n<p>Los contenidos incorporados al sitio web han sido elaborados en todo momento de buena fe con el prop\u00f3sito de dar informaci\u00f3n a los usuarios, por lo que la empresa no asume ning\u00fan tipo de responsabilidad respecto a la integridad o exactitud de la citada informaci\u00f3n ni garantiza la exactitud ni la puesta al d\u00eda de la informaci\u00f3n que se pueda obtener del mismo, la cual podr\u00e1 ser modificada sin previo aviso. Tampoco se responsabiliza de los eventuales errores tipogr\u00e1ficos, formales o num\u00e9ricos que pueda contener el sitio web.<\/p>\n\n\n\n<p>La titular del sitio web no se responsabiliza del mal uso que los usuarios puedan hacer del mismo o de la mala interpretaci\u00f3n y\/o utilizaci\u00f3n de su contenido.<\/p>\n\n\n\n<h5 class=\"wp-block-heading\">1. Responsabilidad por el funcionamiento del sitio web.<\/h5>\n\n\n\n<p>La titular intentar\u00e1 reducir al m\u00ednimo los problemas ocasionados por errores de car\u00e1cter t\u00e9cnico, pudiendo proceder a la suspensi\u00f3n temporal de los servicios y contenidos del sitio web para efectuar operaciones de mantenimiento, mejora o reparaci\u00f3n de los mismos, sin que ello origine indemnizaci\u00f3n alguna al usuario por estos conceptos.<\/p>\n\n\n\n<p>Se advierte que alguna informaci\u00f3n contenida en esta web puede haber sido creada o recogida en archivos o formatos no exentos de errores, por lo que no se puede garantizar que el servicio no quede interrumpido o afectado por tales problemas.<\/p>\n\n\n\n<p>La empresa no asume responsabilidad alguna respecto de los da\u00f1os que pudieran ocasionar al usuario a resultas de la consulta de la presente p\u00e1gina web, o de aquellas otras externas objeto de reenv\u00edo.<\/p>\n\n\n\n<p>La empresa no ser\u00e1 responsable en caso de que existan interrupciones del servicio, o mal funcionamiento del mismo que tengan su origen en supuestos de caso fortuito, fuerza mayor u otras causas que escapan de su control.<\/p>\n\n\n\n<h5 class=\"wp-block-heading\">2. Responsabilidad por el uso de enlaces<\/h5>\n\n\n\n<p>La empresa no asume ninguna responsabilidad derivada de la existencia de enlaces entre los contenidos de este sitio y contenidos situados fuera del mismo, o de cualquier otra menci\u00f3n de contenidos externos a este sitio.<\/p>\n\n\n\n<p>La p\u00e1gina dispone de enlaces a nuestros perfiles en las redes sociales.<\/p>\n\n\n\n<p>En el caso de que la empresa constate por alg\u00fan medio la ilicitud de la p\u00e1gina web, o que lesiona bienes o derechos de un tercero susceptibles de indemnizaci\u00f3n, la empresa suprimir\u00e1 o inutilizar\u00e1 dicho enlace.<\/p>\n\n\n\n<p>La presencia de otros enlaces en el sitio web tiene una finalidad meramente informativa, no constituyendo en ning\u00fan caso una invitaci\u00f3n o recomendaci\u00f3n a la contrataci\u00f3n de productos o servicios que se ofrezcan en el sitio de Internet de destino, y en ning\u00fan caso implican el apoyo a las personas o entidades autoras de tales contenidos o titulares de los sitios donde se encuentren.<\/p>\n\n\n\n<h4 class=\"wp-block-heading\"><strong>POL\u00cdTICA DE PRIVACIDAD<\/strong><\/h4>\n\n\n\n<p>La titular informa seguidamente de su pol\u00edtica de privacidad aplicada a los datos personales. El uso de la p\u00e1gina web <strong>unatecnologaencasa.com<\/strong> no implica que el usuario deba suministrar informaci\u00f3n alguna respecto a su identidad, no pudiendo ser asociada a un usuario concreto por la empresa. En el supuesto que se suministre datos de car\u00e1cter de personal, estos datos ser\u00e1n recogidos y utilizados conforme a las limitaciones y los derechos recogidos en la citada norma de protecci\u00f3n de datos.<\/p>\n\n\n\n<h5 class=\"wp-block-heading\"><strong>\u00bfQui\u00e9n es el Responsable del tratamiento de sus datos?<\/strong><\/h5>\n\n\n\n<p>Identidad: UTEC<\/p>\n\n\n\n<p>CIF: 19010604T<\/p>\n\n\n\n<p>Direcci\u00f3n postal: Calle Santa Ana, 8. 12550 Almassora (Castell\u00f3)<\/p>\n\n\n\n<p>Correo electr\u00f3nico: hola@unatecnologaencasa.com<\/p>\n\n\n\n<h5 class=\"wp-block-heading\"><strong>\u00bfCon qu\u00e9 finalidad tratamos sus datos personales?<\/strong><\/h5>\n\n\n\n<p>En <strong>unatecnologaencasa.com<\/strong>, usamos sus datos personales con las siguientes finalidades:<\/p>\n\n\n\n<ul class=\"wp-block-list\">\n<li>Contacto: para dar respuesta a las solicitudes remitidas por usted desde los medios facilitados en nuestra web. El tratamiento que realizaremos ser\u00e1 \u00fanicamente atender a las consultas que nos plantee.<\/li>\n\n\n\n<li>Contrataci\u00f3n de cursos: para la contrataci\u00f3n de cursos formativos ofrecidos en la web.<\/li>\n\n\n\n<li>Contrataci\u00f3n de asesoramiento (incluye acceso a cursos), de conformidad a los servicios que se desarrollan en la web.<\/li>\n\n\n\n<li>Suscripci\u00f3n a la lista de correo electr\u00f3nico (newsletter).<\/li>\n<\/ul>\n\n\n\n<h5 class=\"wp-block-heading\"><strong>\u00bfCu\u00e1l es la legitimaci\u00f3n para el tratamiento de sus datos?<\/strong><\/h5>\n\n\n\n<p>La base legal para el tratamiento de sus datos es el consentimiento informado para dar respuesta a las consultas planteadas a trav\u00e9s de la p\u00e1gina web, a la contrataci\u00f3n de cursos y servicios, y la suscripci\u00f3n de newsletter lo que supone la aceptaci\u00f3n de estas condiciones por parte del interesado.<\/p>\n\n\n\n<h5 class=\"wp-block-heading\"><strong>\u00bfA qu\u00e9 destinatarios se comunicar\u00e1n sus datos?<\/strong><\/h5>\n\n\n\n<p>Los datos personales no ser\u00e1n proporcionados a terceros salvo obligaci\u00f3n legal.<\/p>\n\n\n\n<h5 class=\"wp-block-heading\"><strong>\u00bfPor cu\u00e1nto tiempo conservaremos sus datos?<\/strong><\/h5>\n\n\n\n<p>Los datos ser\u00e1n conservados el tiempo necesario para dar respuesta a las consultas, y posteriormente 12 meses para evitar posibles errores o malentendidos.<\/p>\n\n\n\n<p>De conformidad al Real Decreto 1619\/2012, de 30 de noviembre, por el que se aprueba el Reglamento por el que se regulan las obligaciones de facturaci\u00f3n, en el caso de que sea una persona f\u00edsica el emisor o receptor, el per\u00edodo de conservaci\u00f3n de la factura ser\u00e1 de 5 a\u00f1os a partir de su emisi\u00f3n.<\/p>\n\n\n\n<h5 class=\"wp-block-heading\"><strong>\u00bfCu\u00e1les son sus derechos cuando nos facilita sus datos?<\/strong><\/h5>\n\n\n\n<p>Tiene derecho a obtener confirmaci\u00f3n sobre si en <strong>unatecnologaencasa.com<\/strong> estamos tratando datos personales que les conciernan, o no. Tambi\u00e9n tiene derecho a acceder a sus datos personales, as\u00ed como a solicitar la rectificaci\u00f3n de los datos inexactos o, en su caso, solicitar su supresi\u00f3n cuando, entre otros motivos, los datos ya no sean necesarios para los fines que fueron recogidos, as\u00ed como solicitar la portabilidad de los mismos.<\/p>\n\n\n\n<p>En determinadas circunstancias, podr\u00e1 solicitar la limitaci\u00f3n del tratamiento de sus datos, en cuyo caso \u00fanicamente los conservaremos para el ejercicio o la defensa de reclamaciones. Por motivos relacionados con su situaci\u00f3n particular, tambi\u00e9n podr\u00e1 oponerse al tratamiento de sus datos.<\/p>\n\n\n\n<p>La titular dejar\u00e1 de tratar los datos, salvo por motivos leg\u00edtimos imperiosos, o el ejercicio o la defensa de posibles reclamaciones. Recuerde que en todo momento podr\u00e1 presentar una reclamaci\u00f3n ante la autoridad de control.<\/p>\n\n\n\n<h5 class=\"wp-block-heading\"><strong>\u00bfC\u00f3mo hemos obtenido sus datos?<\/strong><\/h5>\n\n\n\n<p>Los datos personales que tratamos han sido proporcionados directamente por usted a trav\u00e9s de los diferentes formularios y direcciones de correo electr\u00f3nicas de los que dispone la p\u00e1gina web.<\/p>\n\n\n\n<p>\u00danicamente se tratar\u00e1n datos identificativos y correo facilitados.<\/p>\n","protected":false},"excerpt":{"rendered":"<p>El siguiente texto regula la utilizaci\u00f3n del sitio web&nbsp;unatecnologaencasa.com, por parte de los usuarios de Internet. Lea atentamente el Aviso Legal cada vez que visite este sitio web ya que podr\u00e1 ser modificado en cualquier momento. En caso de no estar de acuerdo con lo estipulado no utilice el sitio web. TITULARIDAD En cumplimiento de [&hellip;]<\/p>\n","protected":false},"author":1,"featured_media":0,"parent":0,"menu_order":0,"comment_status":"closed","ping_status":"closed","template":"","meta":{"_uag_custom_page_level_css":"","site-sidebar-layout":"default","site-content-layout":"","ast-site-content-layout":"default","site-content-style":"default","site-sidebar-style":"default","ast-global-header-display":"","ast-banner-title-visibility":"","ast-main-header-display":"","ast-hfb-above-header-display":"","ast-hfb-below-header-display":"","ast-hfb-mobile-header-display":"","site-post-title":"","ast-breadcrumbs-content":"","ast-featured-img":"","footer-sml-layout":"","ast-disable-related-posts":"","theme-transparent-header-meta":"","adv-header-id-meta":"","stick-header-meta":"","header-above-stick-meta":"","header-main-stick-meta":"","header-below-stick-meta":"","astra-migrate-meta-layouts":"set","ast-page-background-enabled":"default","ast-page-background-meta":{"desktop":{"background-color":"","background-image":"","background-repeat":"repeat","background-position":"center center","background-size":"auto","background-attachment":"scroll","background-type":"","background-media":"","overlay-type":"","overlay-color":"","overlay-opacity":"","overlay-gradient":""},"tablet":{"background-color":"","background-image":"","background-repeat":"repeat","background-position":"center center","background-size":"auto","background-attachment":"scroll","background-type":"","background-media":"","overlay-type":"","overlay-color":"","overlay-opacity":"","overlay-gradient":""},"mobile":{"background-color":"","background-image":"","background-repeat":"repeat","background-position":"center center","background-size":"auto","background-attachment":"scroll","background-type":"","background-media":"","overlay-type":"","overlay-color":"","overlay-opacity":"","overlay-gradient":""}},"ast-content-background-meta":{"desktop":{"background-color":"var(--ast-global-color-5)","background-image":"","background-repeat":"repeat","background-position":"center center","background-size":"auto","background-attachment":"scroll","background-type":"","background-media":"","overlay-type":"","overlay-color":"","overlay-opacity":"","overlay-gradient":""},"tablet":{"background-color":"var(--ast-global-color-5)","background-image":"","background-repeat":"repeat","background-position":"center center","background-size":"auto","background-attachment":"scroll","background-type":"","background-media":"","overlay-type":"","overlay-color":"","overlay-opacity":"","overlay-gradient":""},"mobile":{"background-color":"var(--ast-global-color-5)","background-image":"","background-repeat":"repeat","background-position":"center center","background-size":"auto","background-attachment":"scroll","background-type":"","background-media":"","overlay-type":"","overlay-color":"","overlay-opacity":"","overlay-gradient":""}},"footnotes":""},"class_list":["post-3","page","type-page","status-publish","hentry"],"uagb_featured_image_src":{"full":false,"thumbnail":false,"medium":false,"medium_large":false,"large":false,"1536x1536":false,"2048x2048":false},"uagb_author_info":{"display_name":"admin","author_link":"https:\/\/unatecnologaencasa.com\/index.php\/author\/admin\/"},"uagb_comment_info":0,"uagb_excerpt":"El siguiente texto regula la utilizaci\u00f3n del sitio web&nbsp;unatecnologaencasa.com, por parte de los usuarios de Internet. Lea atentamente el Aviso Legal cada vez que visite este sitio web ya que podr\u00e1 ser modificado en cualquier momento. En caso de no estar de acuerdo con lo estipulado no utilice el sitio web. TITULARIDAD En cumplimiento de&hellip;","_links":{"self":[{"href":"https:\/\/unatecnologaencasa.com\/index.php\/wp-json\/wp\/v2\/pages\/3","targetHints":{"allow":["GET"]}}],"collection":[{"href":"https:\/\/unatecnologaencasa.com\/index.php\/wp-json\/wp\/v2\/pages"}],"about":[{"href":"https:\/\/unatecnologaencasa.com\/index.php\/wp-json\/wp\/v2\/types\/page"}],"author":[{"embeddable":true,"href":"https:\/\/unatecnologaencasa.com\/index.php\/wp-json\/wp\/v2\/users\/1"}],"replies":[{"embeddable":true,"href":"https:\/\/unatecnologaencasa.com\/index.php\/wp-json\/wp\/v2\/comments?post=3"}],"version-history":[{"count":3,"href":"https:\/\/unatecnologaencasa.com\/index.php\/wp-json\/wp\/v2\/pages\/3\/revisions"}],"predecessor-version":[{"id":2377,"href":"https:\/\/unatecnologaencasa.com\/index.php\/wp-json\/wp\/v2\/pages\/3\/revisions\/2377"}],"wp:attachment":[{"href":"https:\/\/unatecnologaencasa.com\/index.php\/wp-json\/wp\/v2\/media?parent=3"}],"curies":[{"name":"wp","href":"https:\/\/api.w.org\/{rel}","templated":true}]}}